at is -13a1718 + 36?
-13a1692
In base 14, what is 342 - -66537?
66879
In base 15, what is -706 - 1b1cc?
-1b8d3
In base 2, what is -1010101000001 + -110000111011100?
-111011100011101
In base 2, what is -1101010001011 - 100101010?
-1101110110101
In base 16, what is -bbdd - -24?
-bbb9
In base 10, what is 7281 - 8216?
-935
In base 11, what is 94 + -1876505?
-1876421
In base 6, what is -1 + 24451313451?
24451313450
In base 15, what is -254 - ead9?
-ed3d
In base 14, what is 9 + -698579?
-698570
In base 9, what is 10051138 - -3?
10051142
In base 9, what is 41 - -172467?
172518
In base 16, what is -22a2 + -558?
-27fa
In base 8, what is 2077313 + -1453?
2075640
In base 2, what is -10100010010001111101 + -110?
-10100010010010000011
In base 8, what is 27 + -71003755?
-71003726
In base 16, what is 6102 - -2006?
8108
In base 2, what is 1100 - -101110001111010111?
101110001111100011
In base 7, what is -12134 - 504426?
-516563
In base 12, what is -74 - -72787?
72713
In base 2, what is 101 - -100011001111000111011111?
100011001111000111100100
In base 12, what is -17 - 576931?
-576948
In base 6, what is 0 - -52205431555?
52205431555
In base 8, what is 5 - 1741245?
-1741240
In base 3, what is -1 + 1020011202011102?
1020011202011101
In base 14, what is 0 - 65b334?
-65b334
In base 7, what is -331 - -2155632?
2155301
In base 5, what is 1143 + 2043243132?
2043244330
In base 2, what is -11 - 11100100111111010101001?
-11100100111111010101100
In base 6, what is -224453345 + 255?
-224453050
In base 3, what is 2202111111120 + -112?
2202111111001
In base 2, what is 1111001110 + 101111010110110?
110001010000100
In base 7, what is -44 + -26520?
-26564
In base 6, what is 15203511 + -334?
15203133
In base 8, what is -423 + -136270?
-136713
In base 11, what is 12a1 - -4355?
5646
In base 11, what is 97 - 149256?
-14916a
In base 13, what is -1a27 + -45cb?
-6325
In base 10, what is -2881179 + 6?
-2881173
In base 11, what is 409 + 4a95?
53a3
In base 9, what is -8 + -68264214?
-68264223
In base 4, what is 222 + -320303?
-320021
In base 3, what is 211012100011 - 122?
211012022112
In base 12, what is 11b5 - 40755?
-3b560
In base 5, what is 3 - 1143043021?
-1143043013
In base 13, what is 1 - -57c3b30?
57c3b31
In base 3, what is -1 - 11202002202122?
-11202002202200
In base 2, what is -101 - 10010101000101101100110000?
-10010101000101101100110101
In base 5, what is -43111 + -12211344?
-12310010
In base 10, what is -3177 - -2220?
-957
In base 8, what is -57021505 - 14?
-57021521
In base 15, what is -3 + bc219a5?
bc219a2
In base 6, what is 15445 + 21044?
40533
In base 14, what is -60a24 + -2da?
-60d20
In base 11, what is 7 - 14342aa?
-14342a3
In base 12, what is -ba195 + -1a?
-ba1b3
In base 5, what is 2422 + 2114142?
2122114
In base 16, what is -4 + 4f8673?
4f866f
In base 11, what is -2a971 + 95?
-2a887
In base 16, what is -fd2c8 + -10?
-fd2d8
In base 5, what is 300344 - -13?
300412
In base 5, what is -23230312004 + -4?
-23230312013
In base 12, what is b3a + -14007?
-13089
In base 5, what is -11 + -21224001?
-21224012
In base 13, what is c1 - 23959?
-23868
In base 11, what is 34399 + -5574?
29925
In base 8, what is 2 + -20302043?
-20302041
In base 5, what is 22002 + -104342?
-32340
In base 10, what is -6235 + 22179?
15944
In base 4, what is 2 - -1212213032320?
1212213032322
In base 7, what is -4 + -1325110266?
-1325110303
In base 10, what is 2349935 - 0?
2349935
In base 8, what is -46 + -6306?
-6354
In base 12, what is -15b + 51aa8?
51949
In base 4, what is 0 + 110001013021?
110001013021
In base 2, what is 101000101101011 + 101110110?
101001011100001
In base 8, what is 767234 - 10621?
756413
In base 8, what is 41074015 + 60?
41074075
In base 2, what is 10100010011110101010011011 - -11?
10100010011110101010011110
In base 4, what is -3202313120 + -200?
-3202313320
In base 12, what is 2 + -1bb3aab?
-1bb3aa9
In base 14, what is -5 + -54b06d?
-54b074
In base 7, what is -155251302 + 0?
-155251302
In base 10, what is 51967 + 1084?
53051
In base 16, what is -21da50 + -13?
-21da63
In base 6, what is 401015245 + -4?
401015241
In base 13, what is -2469 - -4cb93?
4a727
In base 6, what is 1 + -22111133?
-22111132
In base 10, what is 1424 - -49192?
50616
In base 5, what is -2 - -340040312?
340040310
In base 3, what is -1010102100210 - -2022?
-1010102021111
In base 6, what is 55 - -2414015?
2414114
In base 10, what is 38690 + 3329?
42019
In base 16, what is e9 + 8ae4d?
8af36
In base 2, what is 100110000100000000001 - 111?
100110000011111111010
In base 11, what is -213 + -14444?
-14657
In base 16, what is 33d1 - 55d?
2e74
In base 5, what is 0 + 3124032311?
3124032311
In base 4, what is -10133 + 2123323?
2113130
In base 7, what is 2 - -362203526?
362203531
In base 5, what is 104422102 - 221?
104421331
In base 3, what is -212121211212101 + 0?
-212121211212101
In base 11, what is -1 - -a42006?
a42005
In base 15, what is -7b - 76b2?
-773d
In base 2, what is 1111 + 1001010011001011001?
1001010011001101000
In base 8, what is 6331 - -176057?
204410
In base 16, what is -e40e4 + d1?
-e4013
In base 8, what is -4513212 - 1147?
-4514361
In base 5, what is -114223234 - 131?
-114223420
In base 5, what is -4 + -141334403033?
-141334403042
In base 15, what is 20ab03d + 5?
20ab043
In base 7, what is 13115 + -4460?
5325
In base 2, what is -1001100011 + -100101111011000011?
-100110000100100110
In base 11, what is -583a607 + 3?
-583a604
In base 10, what is 807728 - 100?
807628
In base 5, what is 343431412 + 41?
343432003
In base 15, what is 157e0 + 1e9?
159d9
In base 5, what is -22133 - -101242?
24104
In base 12, what is 5b2497 - 1b?
5b2478
In base 4, what is -3013 - -3100301?
3031222
In base 12, what is 4 + -174501?
-1744b9
In base 3, what is -1222111221121122 + 111?
-1222111221121011
In base 16, what is 14 - 891b?
-8907
In base 13, what is -12 + 1b3a?
1b28
In base 6, what is -2020125325 - 3?
-2020125332
In base 7, what is 2451145 - 33?
2451112
In base 12, what is -1a0 - 56a4?
-5884
In base 14, what is 204 + 166bbc?
166dc2
In base 16, what is 7e88e - -a?
7e898
In base 4, what is 221110102322 + 11?
221110102333
In base 14, what is -2b + 12367?
1233a
In base 12, what is -15a3359 - 3?
-15a3360
In base 6, what is -30530323511 + 12?
-30530323455
In base 13, what is -33318 + -144?
-3345c
In base 5, what is 1023 + 4110343?
4111421
In base 9, what is 478 - -30281?
30770
In base 2, what is 1110010011101100 + -1010110000?
1110001000111100
In base 9, what is 4262367 + -3?
4262364
In base 10, what is 7896591 - 4?
7896587
In base 13, what is 51 + -155c93?
-155c42
In base 16, what is f47 - 1fedb?
-1ef94
In base 11, what is 67735a + 9?
677368
In base 8, what is -1660 + 55100?
53220
In base 13, what is 513b - 139?
5002
In base 9, what is -286 - 1318007?
-1318304
In base 8, what is -43375 + 1253?
-42122
In base 3, what is 1222200 - 1001222212?
-1000000012
In base 10, what is 123 - -324048?
324171
In base 6, what is 4 - -121442550?
121442554
In base 7, what is 1051535 - 41?
1051464
In base 15, what is 5a8e2 + 13b?
5aa2d
In base 8, what is 145 - -433770?
434135
In base 9, what is -8770273 - 0?
-8770273
In base 13, what is -38b627b + 4c?
-38b622c
In base 11, what is -8 - 24162a?
-241637
In base 12, what is -7 + -12838a?
-128395
In base 16, what is -47b6523 - -2?
-47b6521
In base 4, what is -31121300123 + 12?
-31121300111
In base 5, what is 2123212 + -310141?
1313021
In base 5, what is 143124 + -111141?
31433
In base 16, what is -23 - -18a53?
18a30
In base 15, what is -16ab7 - 60?
-16b27
In base 11, what is 1139714 - 291?
1139433
In base 3, what is -1000102 - 1222000212?
-2000001021
In base 9, what is -137 - -16013?
15765
In base 16, what is 0 + -4fc986?
-4fc986
In base 15, what is -6 + -7c9cb?
-7c9d2
In base 13, what is -6 - 15a63?
-15a69
In base 3, what is -12 + 21112122122020002?
21112122122012220
In base 2, what is -110111011111 - 11100?
-110111111011
In base 13, what is -36c + -198b32?
-1991a1
In base 12, what is -55 - 4085aa?
-408643
In base 4, what is -1 - -213233011021?
213233011020
In base 2, what is -11011 + 100001010000101010000?
100001010000100110101
In base 2, what is -1010101000101010 + -1010101111?
-1010110011011001
In base 13, what is -2221cb471 - 2?
-2221cb473
In base 15, what is bc6c4 + 13e?
bc813
In base 16, what is -3